{"id":3237,"date":"2022-04-10T22:07:00","date_gmt":"2022-04-10T22:07:00","guid":{"rendered":"https:\/\/lavolante.art\/portfolios\/estelle-lagarde\/"},"modified":"2024-09-24T09:37:48","modified_gmt":"2024-09-24T09:37:48","slug":"estelle-lagarde","status":"publish","type":"portfolios","link":"https:\/\/lavolante.art\/en\/portfolios\/estelle-lagarde\/","title":{"rendered":"Estelle Lagarde"},"content":{"rendered":"\t\t<div data-elementor-type=\"wp-post\" data-elementor-id=\"3237\" class=\"elementor elementor-3237 elementor-3170\" data-elementor-post-type=\"portfolios\">\n\t\t\t\t\t\t<section class=\"elementor-section elementor-top-section elementor-element elementor-element-eddf2d6 elementor-section-height-min-height elementor-section-boxed elementor-section-height-default elementor-section-items-middle\" data-id=\"eddf2d6\" data-element_type=\"section\" data-e-type=\"section\" data-settings=\"{&quot;background_background&quot;:&quot;classic&quot;}\">\n\t\t\t\t\t\t<div class=\"elementor-container elementor-column-gap-extended\">\n\t\t\t\t\t<div class=\"elementor-column elementor-col-100 elementor-top-column elementor-element elementor-element-c28c09d\" data-id=\"c28c09d\" data-element_type=\"column\" data-e-type=\"column\">\n\t\t\t<div class=\"elementor-widget-wrap elementor-element-populated\">\n\t\t\t\t\t\t<div class=\"elementor-element elementor-element-80cfc95 elementor-widget elementor-widget-heading\" data-id=\"80cfc95\" data-element_type=\"widget\" data-e-type=\"widget\" data-widget_type=\"heading.default\">\n\t\t\t\t\t<h2 class=\"elementor-heading-title elementor-size-small\">estelle lagarde<\/h2>\t\t\t\t<\/div>\n\t\t\t\t\t<\/div>\n\t\t<\/div>\n\t\t\t\t\t<\/div>\n\t\t<\/section>\n\t\t\t\t<section class=\"elementor-section elementor-top-section elementor-element elementor-element-b96fe0f elementor-section-boxed elementor-section-height-default elementor-section-height-default\" data-id=\"b96fe0f\" data-element_type=\"section\" data-e-type=\"section\">\n\t\t\t\t\t\t<div class=\"elementor-container elementor-column-gap-no\">\n\t\t\t\t\t<div class=\"elementor-column elementor-col-100 elementor-top-column elementor-element elementor-element-2b39fa3\" data-id=\"2b39fa3\" data-element_type=\"column\" data-e-type=\"column\">\n\t\t\t<div class=\"elementor-widget-wrap elementor-element-populated\">\n\t\t\t\t\t\t<section class=\"elementor-section elementor-inner-section elementor-element elementor-element-0f1f933 elementor-section-boxed elementor-section-height-default elementor-section-height-default\" data-id=\"0f1f933\" data-element_type=\"section\" data-e-type=\"section\">\n\t\t\t\t\t\t<div class=\"elementor-container elementor-column-gap-extended\">\n\t\t\t\t\t<div class=\"elementor-column elementor-col-66 elementor-inner-column elementor-element elementor-element-e566cf8\" data-id=\"e566cf8\" data-element_type=\"column\" data-e-type=\"column\">\n\t\t\t<div class=\"elementor-widget-wrap elementor-element-populated\">\n\t\t\t\t\t\t<div class=\"elementor-element elementor-element-f55d667 elementor-widget elementor-widget-spacer\" data-id=\"f55d667\" data-element_type=\"widget\" data-e-type=\"widget\" data-widget_type=\"spacer.default\">\n\t\t\t\t\t\t\t<div class=\"elementor-spacer\">\n\t\t\t<div class=\"elementor-spacer-inner\"><\/div>\n\t\t<\/div>\n\t\t\t\t\t\t<\/div>\n\t\t\t\t<div class=\"elementor-element elementor-element-2395ef4 elementor-widget elementor-widget-ms_gallery\" data-id=\"2395ef4\" data-element_type=\"widget\" data-e-type=\"widget\" data-widget_type=\"ms_gallery.default\">\n\t\t\t\t<div class=\"elementor-widget-container\">\n\t\t\t\t\t\r\n               <div id=\"2395ef4\">\r\n                    <div class=\"ms-masonry-gallery row grid blockgallery h_s2\" data-masonry='{ \"percentPosition\": true, \"gutter\": 15 }'>\r\n                                                                                <div class=\"grid-item col-lg-12 col-md-4\">\r\n                                                                    <a class=\"mfp-img\" href=\"https:\/\/lavolante.art\/wp-content\/uploads\/2023\/03\/02bd.jpg\" title=\"Lumi\u00e8re noire\">\r\n                                        <img decoding=\"async\" src=\"https:\/\/lavolante.art\/wp-content\/uploads\/2023\/03\/02bd.jpg\" alt=\"Lumi\u00e8re noire, &quot;Tr\u00e9sors&quot; 2020. Tirage argentique r\u00e9alis\u00e9 par Diamantino Quintas Labo sur papier Kodak Supra Endura\" loading=\"lazy\"\/>\r\n                                    <\/a>\r\n                                                            <\/div>\r\n                                            <\/div> \r\n                <\/div>\r\n\r\n                \t\t\t\t<\/div>\n\t\t\t\t<\/div>\n\t\t\t\t\t<\/div>\n\t\t<\/div>\n\t\t\t\t<div class=\"elementor-column elementor-col-33 elementor-inner-column elementor-element elementor-element-63eb4dc has-sticky-column\" data-id=\"63eb4dc\" data-element_type=\"column\" data-e-type=\"column\">\n\t\t\t<div class=\"elementor-widget-wrap elementor-element-populated\">\n\t\t\t\t\t\t<div class=\"elementor-element elementor-element-b176f1e elementor-widget elementor-widget-text-editor\" data-id=\"b176f1e\" data-element_type=\"widget\" data-e-type=\"widget\" data-widget_type=\"text-editor.default\">\n\t\t\t\t\t\t\t\t\t<p>C\u2019est une rencontre majeure avec un homme artiste-peintre qui conduit Estelle Lagarde \u00e0 la photographie. Celui-ci lui transmet les bases techniques et artistiques du m\u00e9dium. Architecte DPLG en 2000, son savoir-faire en prise de vues et en tirage noir et blanc se d\u00e9veloppe durant les trois ann\u00e9es suivantes. En 2003, le souhait d\u2019une professionnalisation l\u2019incite \u00e0 rencontrer des personnalit\u00e9s du milieu de la photographie : vifs encouragements de la part de l\u2019agence VU et de Gilles Mora.\u00a0 En 2004, la mort de son mentor, la conduisent vers un r\u00e9investissement obsessionnel de b\u00e2timents vou\u00e9s \u00e0 la d\u00e9molition. Appara\u00eet la photographie couleur. Le travail \u00e9volue au fil de ses rencontres avec des lieux, le plus souvent atypiques, lesquels lui inspirent diverses cr\u00e9ations. En 2020, l\u2019artiste renoue avec le paysage et le voyage avec un regard modifi\u00e9 par vingt ans de d\u00e9marche photographique.<\/p>\n<p>Estelle Lagarde est r\u00e9pr\u00e9sent\u00e9e par l\u2019agence R\u00e9v\u00e9lateur.<\/p>\n<p>Cette s\u00e9rie Tr\u00e9sors a \u00e9t\u00e9 r\u00e9alis\u00e9e en 2020 en Islande et tir\u00e9e par le ma\u00eetre du tirage Diamantino Quintas.<\/p>\n\t\t\t\t\t\t\t\t<\/div>\n\t\t\t\t\t<\/div>\n\t\t<\/div>\n\t\t\t\t\t<\/div>\n\t\t<\/section>\n\t\t\t\t<div class=\"elementor-element elementor-element-517fab7 elementor-widget elementor-widget-ms_gallery\" data-id=\"517fab7\" data-element_type=\"widget\" data-e-type=\"widget\" data-widget_type=\"ms_gallery.default\">\n\t\t\t\t<div class=\"elementor-widget-container\">\n\t\t\t\t\t\r\n                <!-- Grid -->\r\n                <div class=\"ms-content--portfolio\" id=\"517fab7\">\r\n                    <div class=\"row grid grid-content blockgallery h_s2\">\r\n                        <div class=\"grid-sizer col-xs-12 col-lg-6 col-md-3\"><\/div>\r\n                                                    <div class=\"grid-item col-12 col-lg-6 col-md-12\">\r\n                                                                                                <a class=\"mfp-img\" href=\"https:\/\/lavolante.art\/wp-content\/uploads\/2023\/04\/Eole-couleur-300.jpg\" title=\"eole\">\r\n                                        <figure class=\"media-wrapper media-wrapper--4:3\">\r\n                                            <img decoding=\"async\" src=\"https:\/\/lavolante.art\/wp-content\/uploads\/2023\/04\/Eole-couleur-300.jpg\" alt=\"Eole. &quot;Tr\u00e9sors&quot; 2020. Tirage r\u00e9alis\u00e9 par Diamantino Quintas Labo sur papier Kodak Supra Endura\" loading=\"lazy\"\/>\r\n                                        <\/figure>\r\n                                    <\/a>\r\n                                                            <\/div>\r\n                                                    <div class=\"grid-item col-12 col-lg-6 col-md-12\">\r\n                                                                                                <a class=\"mfp-img\" href=\"https:\/\/lavolante.art\/wp-content\/uploads\/2023\/03\/05bd.jpg\" title=\"Sur le fa\u00eete\">\r\n                                        <figure class=\"media-wrapper media-wrapper--4:3\">\r\n                                            <img decoding=\"async\" src=\"https:\/\/lavolante.art\/wp-content\/uploads\/2023\/03\/05bd.jpg\" alt=\"Sur le fa\u00eete, &quot;Tr\u00e9sors&quot; 2020. Tirage argentique baryt\u00e9 r\u00e9alis\u00e9 par Diamantino Quintas Labo sur papier Foma Velvet 133\" loading=\"lazy\"\/>\r\n                                        <\/figure>\r\n                                    <\/a>\r\n                                                            <\/div>\r\n                                                    <div class=\"grid-item col-12 col-lg-6 col-md-12\">\r\n                                                                                                <a class=\"mfp-img\" href=\"https:\/\/lavolante.art\/wp-content\/uploads\/2023\/03\/06bd.jpg\" title=\"Life on Mars\">\r\n                                        <figure class=\"media-wrapper media-wrapper--4:3\">\r\n                                            <img decoding=\"async\" src=\"https:\/\/lavolante.art\/wp-content\/uploads\/2023\/03\/06bd.jpg\" alt=\"Life on Mars, &quot;Tr\u00e9sors&quot; 2020. Tirage argentique baryt\u00e9 r\u00e9alis\u00e9 par Diamantino Quintas Labo sur papier Foma Velvet 133\" loading=\"lazy\"\/>\r\n                                        <\/figure>\r\n                                    <\/a>\r\n                                                            <\/div>\r\n                                                    <div class=\"grid-item col-12 col-lg-6 col-md-12\">\r\n                                                                                                <a class=\"mfp-img\" href=\"https:\/\/lavolante.art\/wp-content\/uploads\/2023\/03\/36bd.jpg\" title=\"La chute\">\r\n                                        <figure class=\"media-wrapper media-wrapper--4:3\">\r\n                                            <img decoding=\"async\" src=\"https:\/\/lavolante.art\/wp-content\/uploads\/2023\/03\/36bd.jpg\" alt=\"La chute, &quot;Tr\u00e9sors&quot; 2020 \u00a9 Estelle Lagarde. Tirage argentique baryt\u00e9 r\u00e9alis\u00e9 par Diamantino Quintas Labo sur papier Foma Velvet 133\" loading=\"lazy\"\/>\r\n                                        <\/figure>\r\n                                    <\/a>\r\n                                                            <\/div>\r\n                                                    <div class=\"grid-item col-12 col-lg-6 col-md-12\">\r\n                                                                                                <a class=\"mfp-img\" href=\"https:\/\/lavolante.art\/wp-content\/uploads\/2023\/03\/25bd.jpg\" title=\"Les f\u00e9es bleues\">\r\n                                        <figure class=\"media-wrapper media-wrapper--4:3\">\r\n                                            <img decoding=\"async\" src=\"https:\/\/lavolante.art\/wp-content\/uploads\/2023\/03\/25bd.jpg\" alt=\"Les f\u00e9es bleues, &quot;Tr\u00e9sors&quot; 2020. Tirage argentique r\u00e9alis\u00e9 par Diamantino Quintas Labo sur papier Kodak Supra Endura\" loading=\"lazy\"\/>\r\n                                        <\/figure>\r\n                                    <\/a>\r\n                                                            <\/div>\r\n                                                    <div class=\"grid-item col-12 col-lg-6 col-md-12\">\r\n                                                                                                <a class=\"mfp-img\" href=\"https:\/\/lavolante.art\/wp-content\/uploads\/2023\/03\/10bd.jpg\" title=\"Mon tr\u00e9sor\">\r\n                                        <figure class=\"media-wrapper media-wrapper--4:3\">\r\n                                            <img decoding=\"async\" src=\"https:\/\/lavolante.art\/wp-content\/uploads\/2023\/03\/10bd.jpg\" alt=\"Mon tr\u00e9sor, &quot;Tr\u00e9sors&quot; 2020. Tirage argentique baryt\u00e9 r\u00e9alis\u00e9 par Diamantino Quintas Labo sur papier Foma Velvet 133\" loading=\"lazy\"\/>\r\n                                        <\/figure>\r\n                                    <\/a>\r\n                                                            <\/div>\r\n                                                    <div class=\"grid-item col-12 col-lg-6 col-md-12\">\r\n                                                                                                <a class=\"mfp-img\" href=\"https:\/\/lavolante.art\/wp-content\/uploads\/2023\/03\/05ok.jpg\" title=\"No limit\">\r\n                                        <figure class=\"media-wrapper media-wrapper--4:3\">\r\n                                            <img decoding=\"async\" src=\"https:\/\/lavolante.art\/wp-content\/uploads\/2023\/03\/05ok.jpg\" alt=\"No limit, &quot;Tr\u00e9sors&quot; 2020. Tirage argentique  r\u00e9alis\u00e9 par Diamantino Quintas Labo sur papier Kodak Endura\" loading=\"lazy\"\/>\r\n                                        <\/figure>\r\n                                    <\/a>\r\n                                                            <\/div>\r\n                                                    <div class=\"grid-item col-12 col-lg-6 col-md-12\">\r\n                                                                                                <a class=\"mfp-img\" href=\"https:\/\/lavolante.art\/wp-content\/uploads\/2023\/11\/08b.jpg\" title=\"Tr\u00e9sor 2020  \u00a9 Estelle Lagarde \">\r\n                                        <figure class=\"media-wrapper media-wrapper--4:3\">\r\n                                            <img decoding=\"async\" src=\"https:\/\/lavolante.art\/wp-content\/uploads\/2023\/11\/08b.jpg\" alt=\"Dans ce lit, Tr\u00e9sor 2020  \u00a9 Estelle Lagarde\" loading=\"lazy\"\/>\r\n                                        <\/figure>\r\n                                    <\/a>\r\n                                                            <\/div>\r\n                                            <\/div>\r\n                <\/div>\r\n\r\n            \t\t\t\t<\/div>\n\t\t\t\t<\/div>\n\t\t\t\t<div class=\"elementor-element elementor-element-cab04a6 elementor-widget elementor-widget-spacer\" data-id=\"cab04a6\" data-element_type=\"widget\" data-e-type=\"widget\" data-widget_type=\"spacer.default\">\n\t\t\t\t\t\t\t<div class=\"elementor-spacer\">\n\t\t\t<div class=\"elementor-spacer-inner\"><\/div>\n\t\t<\/div>\n\t\t\t\t\t\t<\/div>\n\t\t\t\t\t<\/div>\n\t\t<\/div>\n\t\t\t\t\t<\/div>\n\t\t<\/section>\n\t\t\t\t<\/div>\n\t\t","protected":false},"featured_media":4365,"template":"","portfolios_categories":[46],"class_list":["post-3237","portfolios","type-portfolios","status-publish","has-post-thumbnail","hentry","portfolios_categories-photography"],"acf":[],"_links":{"self":[{"href":"https:\/\/lavolante.art\/en\/wp-json\/wp\/v2\/portfolios\/3237","targetHints":{"allow":["GET"]}}],"collection":[{"href":"https:\/\/lavolante.art\/en\/wp-json\/wp\/v2\/portfolios"}],"about":[{"href":"https:\/\/lavolante.art\/en\/wp-json\/wp\/v2\/types\/portfolios"}],"version-history":[{"count":0,"href":"https:\/\/lavolante.art\/en\/wp-json\/wp\/v2\/portfolios\/3237\/revisions"}],"wp:featuredmedia":[{"embeddable":true,"href":"https:\/\/lavolante.art\/en\/wp-json\/wp\/v2\/media\/4365"}],"wp:attachment":[{"href":"https:\/\/lavolante.art\/en\/wp-json\/wp\/v2\/media?parent=3237"}],"wp:term":[{"taxonomy":"portfolios_categories","embeddable":true,"href":"https:\/\/lavolante.art\/en\/wp-json\/wp\/v2\/portfolios_categories?post=3237"}],"curies":[{"name":"wp","href":"https:\/\/api.w.org\/{rel}","templated":true}]}}

<div data-elementor-type="wp-post" data-elementor-id="3237" class="elementor elementor-3237 elementor-3170" data-elementor-post-type="portfolios">
						<section class="elementor-section elementor-top-section elementor-element elementor-element-eddf2d6 elementor-section-height-min-height elementor-section-boxed elementor-section-height-default elementor-section-items-middle" data-id="eddf2d6" data-element_type="section" data-e-type="section" data-settings="{&quot;background_background&quot;:&quot;classic&quot;}">
						<div class="elementor-container elementor-column-gap-extended">
					<div class="elementor-column elementor-col-100 elementor-top-column elementor-element elementor-element-c28c09d" data-id="c28c09d" data-element_type="column" data-e-type="column">
			<div class="elementor-widget-wrap elementor-element-populated">
						<div class="elementor-element elementor-element-80cfc95 elementor-widget elementor-widget-heading" data-id="80cfc95" data-element_type="widget" data-e-type="widget" data-widget_type="heading.default">
					<h2 class="elementor-heading-title elementor-size-small">estelle lagarde</h2>				</div>
					</div>
		</div>
					</div>
		</section>
				<section class="elementor-section elementor-top-section elementor-element elementor-element-b96fe0f elementor-section-boxed elementor-section-height-default elementor-section-height-default" data-id="b96fe0f" data-element_type="section" data-e-type="section">
						<div class="elementor-container elementor-column-gap-no">
					<div class="elementor-column elementor-col-100 elementor-top-column elementor-element elementor-element-2b39fa3" data-id="2b39fa3" data-element_type="column" data-e-type="column">
			<div class="elementor-widget-wrap elementor-element-populated">
						<section class="elementor-section elementor-inner-section elementor-element elementor-element-0f1f933 elementor-section-boxed elementor-section-height-default elementor-section-height-default" data-id="0f1f933" data-element_type="section" data-e-type="section">
						<div class="elementor-container elementor-column-gap-extended">
					<div class="elementor-column elementor-col-66 elementor-inner-column elementor-element elementor-element-e566cf8" data-id="e566cf8" data-element_type="column" data-e-type="column">
			<div class="elementor-widget-wrap elementor-element-populated">
						<div class="elementor-element elementor-element-f55d667 elementor-widget elementor-widget-spacer" data-id="f55d667" data-element_type="widget" data-e-type="widget" data-widget_type="spacer.default">
							<div class="elementor-spacer">
			<div class="elementor-spacer-inner"></div>
		</div>
						</div>
				<div class="elementor-element elementor-element-2395ef4 elementor-widget elementor-widget-ms_gallery" data-id="2395ef4" data-element_type="widget" data-e-type="widget" data-widget_type="ms_gallery.default">
				<div class="elementor-widget-container">
					
               <div id="2395ef4">
                    <div class="ms-masonry-gallery row grid blockgallery h_s2" data-masonry='{ "percentPosition": true, "gutter": 15 }'>
                                                                                <div class="grid-item col-lg-12 col-md-4">
                                                                    <a class="mfp-img" href="https://lavolante.art/wp-content/uploads/2023/03/02bd.jpg" title="Lumière noire">
                                        <img decoding="async" src="https://lavolante.art/wp-content/uploads/2023/03/02bd.jpg" alt="Lumière noire, &quot;Trésors&quot; 2020. Tirage argentique réalisé par Diamantino Quintas Labo sur papier Kodak Supra Endura" loading="lazy"/>
                                    </a>
                                                            </div>
                                            </div> 
                </div>

                				</div>
				</div>
					</div>
		</div>
				<div class="elementor-column elementor-col-33 elementor-inner-column elementor-element elementor-element-63eb4dc has-sticky-column" data-id="63eb4dc" data-element_type="column" data-e-type="column">
			<div class="elementor-widget-wrap elementor-element-populated">
						<div class="elementor-element elementor-element-b176f1e elementor-widget elementor-widget-text-editor" data-id="b176f1e" data-element_type="widget" data-e-type="widget" data-widget_type="text-editor.default">
									<p>C’est une rencontre majeure avec un homme artiste-peintre qui conduit Estelle Lagarde à la photographie. Celui-ci lui transmet les bases techniques et artistiques du médium. Architecte DPLG en 2000, son savoir-faire en prise de vues et en tirage noir et blanc se développe durant les trois années suivantes. En 2003, le souhait d’une professionnalisation l’incite à rencontrer des personnalités du milieu de la photographie : vifs encouragements de la part de l’agence VU et de Gilles Mora.  En 2004, la mort de son mentor, la conduisent vers un réinvestissement obsessionnel de bâtiments voués à la démolition. Apparaît la photographie couleur. Le travail évolue au fil de ses rencontres avec des lieux, le plus souvent atypiques, lesquels lui inspirent diverses créations. En 2020, l’artiste renoue avec le paysage et le voyage avec un regard modifié par vingt ans de démarche photographique.</p>
<p>Estelle Lagarde est réprésentée par l’agence Révélateur.</p>
<p>Cette série Trésors a été réalisée en 2020 en Islande et tirée par le maître du tirage Diamantino Quintas.</p>
								</div>
					</div>
		</div>
					</div>
		</section>
				<div class="elementor-element elementor-element-517fab7 elementor-widget elementor-widget-ms_gallery" data-id="517fab7" data-element_type="widget" data-e-type="widget" data-widget_type="ms_gallery.default">
				<div class="elementor-widget-container">
					
                <!-- Grid -->
                <div class="ms-content--portfolio" id="517fab7">
                    <div class="row grid grid-content blockgallery h_s2">
                        <div class="grid-sizer col-xs-12 col-lg-6 col-md-3"></div>
                                                    <div class="grid-item col-12 col-lg-6 col-md-12">
                                                                                                <a class="mfp-img" href="https://lavolante.art/wp-content/uploads/2023/04/Eole-couleur-300.jpg" title="eole">
                                        <figure class="media-wrapper media-wrapper--4:3">
                                            <img decoding="async" src="https://lavolante.art/wp-content/uploads/2023/04/Eole-couleur-300.jpg" alt="Eole. &quot;Trésors&quot; 2020. Tirage réalisé par Diamantino Quintas Labo sur papier Kodak Supra Endura" loading="lazy"/>
                                        </figure>
                                    </a>
                                                            </div>
                                                    <div class="grid-item col-12 col-lg-6 col-md-12">
                                                                                                <a class="mfp-img" href="https://lavolante.art/wp-content/uploads/2023/03/05bd.jpg" title="Sur le faîte">
                                        <figure class="media-wrapper media-wrapper--4:3">
                                            <img decoding="async" src="https://lavolante.art/wp-content/uploads/2023/03/05bd.jpg" alt="Sur le faîte, &quot;Trésors&quot; 2020. Tirage argentique baryté réalisé par Diamantino Quintas Labo sur papier Foma Velvet 133" loading="lazy"/>
                                        </figure>
                                    </a>
                                                            </div>
                                                    <div class="grid-item col-12 col-lg-6 col-md-12">
                                                                                                <a class="mfp-img" href="https://lavolante.art/wp-content/uploads/2023/03/06bd.jpg" title="Life on Mars">
                                        <figure class="media-wrapper media-wrapper--4:3">
                                            <img decoding="async" src="https://lavolante.art/wp-content/uploads/2023/03/06bd.jpg" alt="Life on Mars, &quot;Trésors&quot; 2020. Tirage argentique baryté réalisé par Diamantino Quintas Labo sur papier Foma Velvet 133" loading="lazy"/>
                                        </figure>
                                    </a>
                                                            </div>
                                                    <div class="grid-item col-12 col-lg-6 col-md-12">
                                                                                                <a class="mfp-img" href="https://lavolante.art/wp-content/uploads/2023/03/36bd.jpg" title="La chute">
                                        <figure class="media-wrapper media-wrapper--4:3">
                                            <img decoding="async" src="https://lavolante.art/wp-content/uploads/2023/03/36bd.jpg" alt="La chute, &quot;Trésors&quot; 2020 © Estelle Lagarde. Tirage argentique baryté réalisé par Diamantino Quintas Labo sur papier Foma Velvet 133" loading="lazy"/>
                                        </figure>
                                    </a>
                                                            </div>
                                                    <div class="grid-item col-12 col-lg-6 col-md-12">
                                                                                                <a class="mfp-img" href="https://lavolante.art/wp-content/uploads/2023/03/25bd.jpg" title="Les fées bleues">
                                        <figure class="media-wrapper media-wrapper--4:3">
                                            <img decoding="async" src="https://lavolante.art/wp-content/uploads/2023/03/25bd.jpg" alt="Les fées bleues, &quot;Trésors&quot; 2020. Tirage argentique réalisé par Diamantino Quintas Labo sur papier Kodak Supra Endura" loading="lazy"/>
                                        </figure>
                                    </a>
                                                            </div>
                                                    <div class="grid-item col-12 col-lg-6 col-md-12">
                                                                                                <a class="mfp-img" href="https://lavolante.art/wp-content/uploads/2023/03/10bd.jpg" title="Mon trésor">
                                        <figure class="media-wrapper media-wrapper--4:3">
                                            <img decoding="async" src="https://lavolante.art/wp-content/uploads/2023/03/10bd.jpg" alt="Mon trésor, &quot;Trésors&quot; 2020. Tirage argentique baryté réalisé par Diamantino Quintas Labo sur papier Foma Velvet 133" loading="lazy"/>
                                        </figure>
                                    </a>
                                                            </div>
                                                    <div class="grid-item col-12 col-lg-6 col-md-12">
                                                                                                <a class="mfp-img" href="https://lavolante.art/wp-content/uploads/2023/03/05ok.jpg" title="No limit">
                                        <figure class="media-wrapper media-wrapper--4:3">
                                            <img decoding="async" src="https://lavolante.art/wp-content/uploads/2023/03/05ok.jpg" alt="No limit, &quot;Trésors&quot; 2020. Tirage argentique  réalisé par Diamantino Quintas Labo sur papier Kodak Endura" loading="lazy"/>
                                        </figure>
                                    </a>
                                                            </div>
                                                    <div class="grid-item col-12 col-lg-6 col-md-12">
                                                                                                <a class="mfp-img" href="https://lavolante.art/wp-content/uploads/2023/11/08b.jpg" title="Trésor 2020  © Estelle Lagarde ">
                                        <figure class="media-wrapper media-wrapper--4:3">
                                            <img decoding="async" src="https://lavolante.art/wp-content/uploads/2023/11/08b.jpg" alt="Dans ce lit, Trésor 2020  © Estelle Lagarde" loading="lazy"/>
                                        </figure>
                                    </a>
                                                            </div>
                                            </div>
                </div>

            				</div>
				</div>
				<div class="elementor-element elementor-element-cab04a6 elementor-widget elementor-widget-spacer" data-id="cab04a6" data-element_type="widget" data-e-type="widget" data-widget_type="spacer.default">
							<div class="elementor-spacer">
			<div class="elementor-spacer-inner"></div>
		</div>
						</div>
					</div>
		</div>
					</div>
		</section>
				</div>
